{"id":863,"date":"2023-01-08T18:08:06","date_gmt":"2023-01-08T17:08:06","guid":{"rendered":"https:\/\/boutique.consultenfant.fr\/?post_type=product&#038;p=863"},"modified":"2025-03-11T17:42:42","modified_gmt":"2025-03-11T16:42:42","slug":"affiche-la-prise-de-temperature-en-creche","status":"publish","type":"product","link":"https:\/\/boutique.consultenfant.fr\/?product=affiche-la-prise-de-temperature-en-creche","title":{"rendered":"Affiche : La prise de temp\u00e9rature en cr\u00e8che"},"content":{"rendered":"<p>Les affiches sont t\u00e9l\u00e9chargeables et ne sont pas envoy\u00e9es.<\/p>\n<p>Non personnalisable<\/p>\n<p>(Tout droit r\u00e9serv\u00e9 @consultenfant)<\/p>\n","protected":false},"excerpt":{"rendered":"<p>Retrouvez l&rsquo;affiche sur la prise de temp\u00e9rature en cr\u00e8che en version num\u00e9rique.<\/p>\n<p>Les affiches ne sont pas envoy\u00e9es mais t\u00e9l\u00e9chargeables.<\/p>\n","protected":false},"featured_media":1033,"comment_status":"open","ping_status":"closed","template":"","meta":[],"product_brand":[],"product_cat":[107,29],"product_tag":[110,116,115,118,113,117,114],"class_list":{"0":"post-863","1":"product","2":"type-product","3":"status-publish","4":"has-post-thumbnail","6":"product_cat-affiche","7":"product_cat-sante","8":"product_tag-affiche-consultenfant","9":"product_tag-affiche-creche","10":"product_tag-creche","11":"product_tag-prise-de-temperature-enfant","12":"product_tag-temperature","13":"product_tag-temperature-enfant","14":"product_tag-thermometre","16":"first","17":"instock","18":"downloadable","19":"virtual","20":"purchasable","21":"product-type-simple"},"_links":{"self":[{"href":"https:\/\/boutique.consultenfant.fr\/index.php?rest_route=\/wp\/v2\/product\/863","targetHints":{"allow":["GET"]}}],"collection":[{"href":"https:\/\/boutique.consultenfant.fr\/index.php?rest_route=\/wp\/v2\/product"}],"about":[{"href":"https:\/\/boutique.consultenfant.fr\/index.php?rest_route=\/wp\/v2\/types\/product"}],"replies":[{"embeddable":true,"href":"https:\/\/boutique.consultenfant.fr\/index.php?rest_route=%2Fwp%2Fv2%2Fcomments&post=863"}],"wp:featuredmedia":[{"embeddable":true,"href":"https:\/\/boutique.consultenfant.fr\/index.php?rest_route=\/wp\/v2\/media\/1033"}],"wp:attachment":[{"href":"https:\/\/boutique.consultenfant.fr\/index.php?rest_route=%2Fwp%2Fv2%2Fmedia&parent=863"}],"wp:term":[{"taxonomy":"product_brand","embeddable":true,"href":"https:\/\/boutique.consultenfant.fr\/index.php?rest_route=%2Fwp%2Fv2%2Fproduct_brand&post=863"},{"taxonomy":"product_cat","embeddable":true,"href":"https:\/\/boutique.consultenfant.fr\/index.php?rest_route=%2Fwp%2Fv2%2Fproduct_cat&post=863"},{"taxonomy":"product_tag","embeddable":true,"href":"https:\/\/boutique.consultenfant.fr\/index.php?rest_route=%2Fwp%2Fv2%2Fproduct_tag&post=863"}],"curies":[{"name":"wp","href":"https:\/\/api.w.org\/{rel}","templated":true}]}}