{"id":37,"date":"2020-04-14T15:08:50","date_gmt":"2020-04-14T13:08:50","guid":{"rendered":"http:\/\/boutique.consultenfant.fr\/?p=37"},"modified":"2020-08-03T09:27:26","modified_gmt":"2020-08-03T07:27:26","slug":"pms","status":"publish","type":"product","link":"https:\/\/boutique.consultenfant.fr\/?product=pms","title":{"rendered":"Plan de ma\u00eetrise sanitaire"},"content":{"rendered":"<p>Parce qu\u2019il est important en cr\u00e8che d\u2019avoir des pratiques correctes et uniformes \u00e0 toute l\u2019\u00e9quipe. En effet, la cr\u00e8che est un milieu propice au d\u00e9veloppement des bact\u00e9ries et virus.<\/p>\n<p>M\u00eame si les \u00e9tablissements d\u2019accueil du jeune enfant sont consid\u00e9r\u00e9s comme bas dans le niveau de contamination, il faut tout de m\u00eame \u00eatre rigoureux et assidu dans le nettoyage global de la cr\u00e8che et impliquer tout le personnel.<\/p>\n<p>Le plan de ma\u00eetrise sanitaire est obligatoire pour les \u00e9tablissement d&rsquo;accueil du jeune enfant.<\/p>\n<p>Je vous propose ce r\u00e9f\u00e9rentiel d\u2019hygi\u00e8ne, qui regroupe<\/p>\n<ul>\n<li>La l\u00e9gislation,<\/li>\n<li>L\u2019hygi\u00e8ne personnel,<\/li>\n<li>L\u2019hygi\u00e8ne des locaux,<\/li>\n<li>L\u2019hygi\u00e8ne du linge,<\/li>\n<li>L\u2019hygi\u00e8ne alimentaire avec protocole Haccp,<\/li>\n<li>La tra\u00e7abilit\u00e9.<\/li>\n<\/ul>\n<p>Pour un document personnalis\u00e9 \u00e0 votre structure, pensez \u00e0 compl\u00e9ter la commande avec l&rsquo;option personnalisation.<a href=\"https:\/\/boutique.consultenfant.fr\/?product=personnalisation\" target=\"_blank\" rel=\"noopener noreferrer\"><img loading=\"lazy\" decoding=\"async\" class=\"aligncenter wp-image-133\" src=\"https:\/\/boutique.consultenfant.fr\/wp-content\/uploads\/2020\/04\/personnamlisation-300x300.png\" alt=\"\" width=\"145\" height=\"145\" srcset=\"https:\/\/boutique.consultenfant.fr\/wp-content\/uploads\/2020\/04\/personnamlisation-300x300.png 300w, https:\/\/boutique.consultenfant.fr\/wp-content\/uploads\/2020\/04\/personnamlisation-150x150.png 150w, https:\/\/boutique.consultenfant.fr\/wp-content\/uploads\/2020\/04\/personnamlisation-768x768.png 768w, https:\/\/boutique.consultenfant.fr\/wp-content\/uploads\/2020\/04\/personnamlisation-324x324.png 324w, https:\/\/boutique.consultenfant.fr\/wp-content\/uploads\/2020\/04\/personnamlisation-416x416.png 416w, https:\/\/boutique.consultenfant.fr\/wp-content\/uploads\/2020\/04\/personnamlisation-100x100.png 100w, https:\/\/boutique.consultenfant.fr\/wp-content\/uploads\/2020\/04\/personnamlisation.png 801w\" sizes=\"auto, (max-width: 145px) 100vw, 145px\" \/><\/a><\/p>\n","protected":false},"excerpt":{"rendered":"<p>Le plan de ma\u00eetrise sanitaire permet d\u2019\u00e9tablir les pr\u00e9cautions d\u2019hygi\u00e8ne standards et proc\u00e9dures \u00e0 mettre en place pour prot\u00e9ger les enfants et les professionnels.<\/p>\n","protected":false},"featured_media":129,"comment_status":"open","ping_status":"closed","template":"","meta":[],"product_brand":[],"product_cat":[27],"product_tag":[59,22,23],"class_list":{"0":"post-37","1":"product","2":"type-product","3":"status-publish","4":"has-post-thumbnail","6":"product_cat-hygiene","7":"product_tag-haccp","8":"product_tag-plan-de-maitrise-sanitaire","9":"product_tag-protocoles-hygiene","11":"first","12":"instock","13":"shipping-taxable","14":"purchasable","15":"product-type-simple"},"_links":{"self":[{"href":"https:\/\/boutique.consultenfant.fr\/index.php?rest_route=\/wp\/v2\/product\/37","targetHints":{"allow":["GET"]}}],"collection":[{"href":"https:\/\/boutique.consultenfant.fr\/index.php?rest_route=\/wp\/v2\/product"}],"about":[{"href":"https:\/\/boutique.consultenfant.fr\/index.php?rest_route=\/wp\/v2\/types\/product"}],"replies":[{"embeddable":true,"href":"https:\/\/boutique.consultenfant.fr\/index.php?rest_route=%2Fwp%2Fv2%2Fcomments&post=37"}],"wp:featuredmedia":[{"embeddable":true,"href":"https:\/\/boutique.consultenfant.fr\/index.php?rest_route=\/wp\/v2\/media\/129"}],"wp:attachment":[{"href":"https:\/\/boutique.consultenfant.fr\/index.php?rest_route=%2Fwp%2Fv2%2Fmedia&parent=37"}],"wp:term":[{"taxonomy":"product_brand","embeddable":true,"href":"https:\/\/boutique.consultenfant.fr\/index.php?rest_route=%2Fwp%2Fv2%2Fproduct_brand&post=37"},{"taxonomy":"product_cat","embeddable":true,"href":"https:\/\/boutique.consultenfant.fr\/index.php?rest_route=%2Fwp%2Fv2%2Fproduct_cat&post=37"},{"taxonomy":"product_tag","embeddable":true,"href":"https:\/\/boutique.consultenfant.fr\/index.php?rest_route=%2Fwp%2Fv2%2Fproduct_tag&post=37"}],"curies":[{"name":"wp","href":"https:\/\/api.w.org\/{rel}","templated":true}]}}