{"id":29,"date":"2020-04-14T15:08:49","date_gmt":"2020-04-14T13:08:49","guid":{"rendered":"http:\/\/boutique.consultenfant.fr\/?p=29"},"modified":"2023-09-04T14:10:57","modified_gmt":"2023-09-04T12:10:57","slug":"la-sante-de-lenfant","status":"publish","type":"product","link":"https:\/\/boutique.consultenfant.fr\/?product=la-sante-de-lenfant","title":{"rendered":"La sant\u00e9 de l&rsquo;enfant"},"content":{"rendered":"<p>Ce dossier rassemble les diff\u00e9rentes pathologies souvent rencontr\u00e9es dans l\u2019accueil du jeune enfant.<\/p>\n<p>C\u2019est un r\u00e9f\u00e9rentiel sur lequel les professionnels peuvent se baser, ainsi, les pratiques et informations donn\u00e9es aux parents, en terme d\u2019\u00e9victions sont coh\u00e9rentes.<\/p>\n<p>Il permet<\/p>\n<ul>\n<li>De d\u00e9terminer les pathologies courantes,<\/li>\n<li>De comprendre et connaitre le calendrier vaccinal,<\/li>\n<li>De connaitre les \u00e9victions. Un tableau vous est remis partiellement rempli, il est \u00e0 compl\u00e9ter en \u00e9quipe afin de r\u00e9pertorier votre ligne de conduite.<\/li>\n<\/ul>\n<p>Pour un document personnalis\u00e9 \u00e0 votre structure, pensez \u00e0 compl\u00e9ter la commande avec l&rsquo;option personnalisation.<a href=\"https:\/\/boutique.consultenfant.fr\/?product=personnalisation\" target=\"_blank\" rel=\"noopener noreferrer\"><img loading=\"lazy\" decoding=\"async\" class=\"aligncenter wp-image-133\" src=\"https:\/\/boutique.consultenfant.fr\/wp-content\/uploads\/2020\/04\/personnamlisation-300x300.png\" alt=\"\" width=\"145\" height=\"145\" srcset=\"https:\/\/boutique.consultenfant.fr\/wp-content\/uploads\/2020\/04\/personnamlisation-300x300.png 300w, https:\/\/boutique.consultenfant.fr\/wp-content\/uploads\/2020\/04\/personnamlisation-150x150.png 150w, https:\/\/boutique.consultenfant.fr\/wp-content\/uploads\/2020\/04\/personnamlisation-768x768.png 768w, https:\/\/boutique.consultenfant.fr\/wp-content\/uploads\/2020\/04\/personnamlisation-324x324.png 324w, https:\/\/boutique.consultenfant.fr\/wp-content\/uploads\/2020\/04\/personnamlisation-416x416.png 416w, https:\/\/boutique.consultenfant.fr\/wp-content\/uploads\/2020\/04\/personnamlisation-100x100.png 100w, https:\/\/boutique.consultenfant.fr\/wp-content\/uploads\/2020\/04\/personnamlisation.png 801w\" sizes=\"auto, (max-width: 145px) 100vw, 145px\" \/><\/a><\/p>\n","protected":false},"excerpt":{"rendered":"<p>Le r\u00e9f\u00e9rentiel sur la sant\u00e9 de l&rsquo;enfant en collectivit\u00e9!<\/p>\n","protected":false},"featured_media":123,"comment_status":"open","ping_status":"closed","template":"","meta":[],"product_brand":[],"product_cat":[29],"product_tag":[42,44,34,45,41,43],"class_list":{"0":"post-29","1":"product","2":"type-product","3":"status-publish","4":"has-post-thumbnail","6":"product_cat-sante","7":"product_tag-evictions","8":"product_tag-fievre","9":"product_tag-la-sante-de-lenfant","10":"product_tag-maladies-infantiles","11":"product_tag-sante","12":"product_tag-vaccinations","14":"first","15":"instock","16":"shipping-taxable","17":"purchasable","18":"product-type-simple"},"_links":{"self":[{"href":"https:\/\/boutique.consultenfant.fr\/index.php?rest_route=\/wp\/v2\/product\/29","targetHints":{"allow":["GET"]}}],"collection":[{"href":"https:\/\/boutique.consultenfant.fr\/index.php?rest_route=\/wp\/v2\/product"}],"about":[{"href":"https:\/\/boutique.consultenfant.fr\/index.php?rest_route=\/wp\/v2\/types\/product"}],"replies":[{"embeddable":true,"href":"https:\/\/boutique.consultenfant.fr\/index.php?rest_route=%2Fwp%2Fv2%2Fcomments&post=29"}],"wp:featuredmedia":[{"embeddable":true,"href":"https:\/\/boutique.consultenfant.fr\/index.php?rest_route=\/wp\/v2\/media\/123"}],"wp:attachment":[{"href":"https:\/\/boutique.consultenfant.fr\/index.php?rest_route=%2Fwp%2Fv2%2Fmedia&parent=29"}],"wp:term":[{"taxonomy":"product_brand","embeddable":true,"href":"https:\/\/boutique.consultenfant.fr\/index.php?rest_route=%2Fwp%2Fv2%2Fproduct_brand&post=29"},{"taxonomy":"product_cat","embeddable":true,"href":"https:\/\/boutique.consultenfant.fr\/index.php?rest_route=%2Fwp%2Fv2%2Fproduct_cat&post=29"},{"taxonomy":"product_tag","embeddable":true,"href":"https:\/\/boutique.consultenfant.fr\/index.php?rest_route=%2Fwp%2Fv2%2Fproduct_tag&post=29"}],"curies":[{"name":"wp","href":"https:\/\/api.w.org\/{rel}","templated":true}]}}