{"id":187,"date":"2020-04-19T10:21:17","date_gmt":"2020-04-19T08:21:17","guid":{"rendered":"https:\/\/boutique.consultenfant.fr\/?post_type=product&#038;p=187"},"modified":"2025-03-11T17:50:20","modified_gmt":"2025-03-11T16:50:20","slug":"affiche-accueil-des-enfants-et-coronavirus","status":"publish","type":"product","link":"https:\/\/boutique.consultenfant.fr\/?product=affiche-accueil-des-enfants-et-coronavirus","title":{"rendered":"Affiche \u00ab\u00a0accueil des enfants et coronavirus\u00a0\u00bb"},"content":{"rendered":"<p>Je vous propose ce guide qui reprend et d\u00e9cline les diff\u00e9rentes mesures (gouvernementales et PMI ) pour l&rsquo;accueil des enfants.<br \/>\nN&rsquo;h\u00e9sitez pas \u00e0 me contacter si vous voulez que je vous envoie l&rsquo;affiche en version imprimable et afin d&rsquo;\u00e9valuer vos protocoles si besoin : lavage des mains, hygi\u00e8ne et nettoyage en cas d\u2019\u00e9pid\u00e9mie.<\/p>\n","protected":false},"excerpt":{"rendered":"<p>Affiche \u00ab\u00a0accueil des enfants et coronavirus\u00a0\u00bb<\/p>\n<p>Les affiches sont t\u00e9l\u00e9chargeables et ne sont pas envoy\u00e9s.<\/p>\n<p>Non personnalisable<\/p>\n<p>Tout droit r\u00e9serv\u00e9 @consultenfant<\/p>\n","protected":false},"featured_media":189,"comment_status":"open","ping_status":"closed","template":"","meta":[],"product_brand":[],"product_cat":[68],"product_tag":[70,69,71,46],"class_list":{"0":"post-187","1":"product","2":"type-product","3":"status-publish","4":"has-post-thumbnail","6":"product_cat-coronavirus","7":"product_tag-accueil-en-creche","8":"product_tag-coronavirus","9":"product_tag-preconisation","10":"product_tag-prevention","12":"first","13":"outofstock","14":"downloadable","15":"virtual","16":"purchasable","17":"product-type-simple"},"_links":{"self":[{"href":"https:\/\/boutique.consultenfant.fr\/index.php?rest_route=\/wp\/v2\/product\/187","targetHints":{"allow":["GET"]}}],"collection":[{"href":"https:\/\/boutique.consultenfant.fr\/index.php?rest_route=\/wp\/v2\/product"}],"about":[{"href":"https:\/\/boutique.consultenfant.fr\/index.php?rest_route=\/wp\/v2\/types\/product"}],"replies":[{"embeddable":true,"href":"https:\/\/boutique.consultenfant.fr\/index.php?rest_route=%2Fwp%2Fv2%2Fcomments&post=187"}],"wp:featuredmedia":[{"embeddable":true,"href":"https:\/\/boutique.consultenfant.fr\/index.php?rest_route=\/wp\/v2\/media\/189"}],"wp:attachment":[{"href":"https:\/\/boutique.consultenfant.fr\/index.php?rest_route=%2Fwp%2Fv2%2Fmedia&parent=187"}],"wp:term":[{"taxonomy":"product_brand","embeddable":true,"href":"https:\/\/boutique.consultenfant.fr\/index.php?rest_route=%2Fwp%2Fv2%2Fproduct_brand&post=187"},{"taxonomy":"product_cat","embeddable":true,"href":"https:\/\/boutique.consultenfant.fr\/index.php?rest_route=%2Fwp%2Fv2%2Fproduct_cat&post=187"},{"taxonomy":"product_tag","embeddable":true,"href":"https:\/\/boutique.consultenfant.fr\/index.php?rest_route=%2Fwp%2Fv2%2Fproduct_tag&post=187"}],"curies":[{"name":"wp","href":"https:\/\/api.w.org\/{rel}","templated":true}]}}

<p>Je vous propose ce guide qui reprend et décline les différentes mesures (gouvernementales et PMI ) pour l&rsquo;accueil des enfants.<br />
N&rsquo;hésitez pas à me contacter si vous voulez que je vous envoie l&rsquo;affiche en version imprimable et afin d&rsquo;évaluer vos protocoles si besoin : lavage des mains, hygiène et nettoyage en cas d’épidémie.</p>

<p>Affiche « accueil des enfants et coronavirus »</p>
<p>Les affiches sont téléchargeables et ne sont pas envoyés.</p>
<p>Non personnalisable</p>
<p>Tout droit réservé @consultenfant</p>
